{"id":2354,"date":"2020-08-31T23:13:06","date_gmt":"2020-09-01T02:13:06","guid":{"rendered":"http:\/\/colegiojmaniezo.com.br\/novosite\/?page_id=2354"},"modified":"2020-09-09T18:53:22","modified_gmt":"2020-09-09T21:53:22","slug":"proposta","status":"publish","type":"page","link":"http:\/\/colegiojmaniezo.com.br\/novosite\/proposta\/","title":{"rendered":"Proposta"},"content":{"rendered":"<div class=\"wpb-content-wrapper\"><p>[vc_row layout=&#8221;boxed&#8221; el_class=&#8221;bg-content-box cupid-margin-top-95&#8243;][vc_column][vc_empty_space][vc_column_text]<\/p>\n<div class=\"wpb_text_column wpb_content_element vc_custom_1598640691501\">\n<div class=\"wpb_wrapper\">\n<p><img loading=\"lazy\" decoding=\"async\" class=\"alignleft wp-image-2016 size-full\" src=\"http:\/\/colegiojmaniezo.com.br\/novosite\/wp-content\/uploads\/2020\/08\/871.jpg\" alt=\"\" width=\"532\" height=\"399\" srcset=\"http:\/\/colegiojmaniezo.com.br\/novosite\/wp-content\/uploads\/2020\/08\/871.jpg 532w, http:\/\/colegiojmaniezo.com.br\/novosite\/wp-content\/uploads\/2020\/08\/871-300x225.jpg 300w\" sizes=\"auto, (max-width: 532px) 100vw, 532px\" \/>A proposta educacional do Col\u00e9gio J. Maniezo tem por objetivo levar o aluno a construir o conhecimento e nesse processo o professor tem um papel importante, n\u00e3o como detentor do saber e sim como o mediador que ajuda o aluno a situar-se nesse meio cultural.<\/p>\n<p>O Col\u00e9gio entende que \u00e9 necess\u00e1rio oportunizar ao aluno estrat\u00e9gias para que os mesmos desenvolvam habilidades e compet\u00eancias para interagirem no meio social em que est\u00e3o inseridos.<\/p>\n<p>Essas estrat\u00e9gias t\u00eam por objetivo desenvolver \u201co aluno pensante\u201d, ou seja, ele n\u00e3o reproduz mecanicamente exerc\u00edcios, ele entende que faz parte do ato de construir o conhecimento e que esse \u00e9 partilhado por todos.<\/p>\n<p>Diante das mudan\u00e7as do mundo estamos preparados para entender e respeitar a individualidade de cada aluno, por\u00e9m devemos conduz\u00ed-lo de modo que visualize que vivemos em sociedade. N\u00e3o estamos sozinhos e \u00e9 inerente ao ser humano o ato de comunica\u00e7\u00e3o tornando assim o conhecimento uma preciosidade que deve ser compartilhada por cada cidad\u00e3o.<\/p>\n<p>&nbsp;<\/p>\n<\/div>\n<\/div>\n<div class=\"wpb_text_column wpb_content_element vc_custom_1598640917649\">\n<div class=\"wpb_wrapper\">\n<p><strong>Miss\u00e3o<\/strong>\u00a0A miss\u00e3o do Col\u00e9gio J. Maniezo \u00e9 contribuir de forma significativa para o crescimento intelectual e social do aluno visando o sucesso futuro do mesmo. Entendemos que \u00e9 nossa responsabilidade prezarmos por uma educa\u00e7\u00e3o pautada em valores humanos, princ\u00edpios \u00e9ticos e desenvolvimento do senso de cidadania, por isso ensinamos li\u00e7\u00f5es para a vida.<\/p>\n<p><strong>Vis\u00e3o<\/strong>\u00a0O aluno nessa institui\u00e7\u00e3o \u00e9 visto como protagonista do processo de aprendizagem entendendo que responsabilidade em estudar \u00e9 essencial ao ser humano.<\/p>\n<p><strong>Valores<\/strong>\u00a0Pensamos que para contribuir com a forma\u00e7\u00e3o de um cidad\u00e3o \u00e9 essencial que alguns pilares estejam fortalecidos, como valores \u00e9ticos, morais e sociais.<\/p>\n<p>A proposta desenvolvida no Col\u00e9gio J. Maniezo \u00e9 levar o aluno a entender que vivemos em sociedade e, portanto uma das responsabilidades do corpo docente e torn\u00e1-lo um cidad\u00e3o com forma\u00e7\u00e3o consciente do seu papel na sociedade atual, respeitando o pr\u00f3ximo e convivendo de forma inteligente e saud\u00e1vel.<\/p>\n<\/div>\n<\/div>\n<p>[\/vc_column_text][vc_empty_space][\/vc_column][\/vc_row]<\/p>\n<\/div>","protected":false},"excerpt":{"rendered":"<p>[vc_row layout=&#8221;boxed&#8221; el_class=&#8221;bg-content-box cupid-margin-top-95&#8243;][vc_column][vc_empty_space][vc_column_text] A proposta educacional do Col\u00e9gio J. Maniezo tem por objetivo levar o aluno a construir o conhecimento e nesse processo o professor tem um papel importante, n\u00e3o como detentor do saber e sim como o mediador que ajuda o aluno a situar-se nesse meio cultural. O Col\u00e9gio entende que \u00e9 necess\u00e1rio [&hellip;]<\/p>\n","protected":false},"author":1,"featured_media":0,"parent":0,"menu_order":0,"comment_status":"closed","ping_status":"closed","template":"","meta":{"footnotes":""},"class_list":["post-2354","page","type-page","status-publish","hentry"],"_links":{"self":[{"href":"http:\/\/colegiojmaniezo.com.br\/novosite\/wp-json\/wp\/v2\/pages\/2354","targetHints":{"allow":["GET"]}}],"collection":[{"href":"http:\/\/colegiojmaniezo.com.br\/novosite\/wp-json\/wp\/v2\/pages"}],"about":[{"href":"http:\/\/colegiojmaniezo.com.br\/novosite\/wp-json\/wp\/v2\/types\/page"}],"author":[{"embeddable":true,"href":"http:\/\/colegiojmaniezo.com.br\/novosite\/wp-json\/wp\/v2\/users\/1"}],"replies":[{"embeddable":true,"href":"http:\/\/colegiojmaniezo.com.br\/novosite\/wp-json\/wp\/v2\/comments?post=2354"}],"version-history":[{"count":5,"href":"http:\/\/colegiojmaniezo.com.br\/novosite\/wp-json\/wp\/v2\/pages\/2354\/revisions"}],"predecessor-version":[{"id":2374,"href":"http:\/\/colegiojmaniezo.com.br\/novosite\/wp-json\/wp\/v2\/pages\/2354\/revisions\/2374"}],"wp:attachment":[{"href":"http:\/\/colegiojmaniezo.com.br\/novosite\/wp-json\/wp\/v2\/media?parent=2354"}],"curies":[{"name":"wp","href":"https:\/\/api.w.org\/{rel}","templated":true}]}}