{"id":1774,"date":"2015-03-02T03:05:22","date_gmt":"2015-03-02T03:05:22","guid":{"rendered":"http:\/\/themes.g5plus.net\/cupid\/?page_id=119"},"modified":"2020-08-31T23:24:53","modified_gmt":"2020-09-01T02:24:53","slug":"sobre-nos-2","status":"publish","type":"page","link":"http:\/\/colegiojmaniezo.com.br\/novosite\/sobre-nos-2\/","title":{"rendered":"Sobre N\u00f3s"},"content":{"rendered":"<div class=\"wpb-content-wrapper\"><p>[vc_row layout=&#8221;boxed&#8221; parallax_style=&#8221;none&#8221; parallax_scroll_effect=&#8221;fixed&#8221; css=&#8221;.vc_custom_1425463648608{background-color: #ffffff !important;}&#8221; el_class=&#8221;bg-content-box cupid-margin-top-95&#8243;][vc_column el_class=&#8221;about-us-padding&#8221;][vc_empty_space][vc_column_text css=&#8221;.vc_custom_1598639138142{margin-bottom: 20px !important;}&#8221;]<\/p>\n<h3 style=\"text-align: center; margin-bottom: 40px;\">O Col\u00e9gio J. Maniezo<\/h3>\n<p style=\"text-align: center;\">Em agosto de 1985 chegaram em Ribeir\u00e3o Preto Jucelena e Silvio, ou simplesmente tia Ju e tio Dida, com o sonho de constru\u00edrem um col\u00e9gio onde pudessem educar crian\u00e7as, pois j\u00e1 sabiam a import\u00e2ncia da escola na forma\u00e7\u00e3o dos pequeninos.<\/p>\n<p style=\"text-align: center;\">Instalados numa pequena casa onde hoje fica o col\u00e9gio , no dia 01 de fevereiro em 1986 \u00e9 inaugurada oficialmente a escolinha Sapequinha, pois a princ\u00edpio s\u00f3 atendia a educa\u00e7\u00e3o infantil com crian\u00e7as com idade entre 3 e 6 anos. No entanto, o sonho de crescer e implantar o ensino fundamental sempre esteve presente no cora\u00e7\u00e3o do casal.<\/p>\n<p style=\"text-align: center;\">A pequena casa abrigava toda a filosofia que a escola queria transmitir. Havia apenas 3 salas de aula, 1 refeit\u00f3rio, 1 sala para atendimento aos pais e um pequenino parque. No entanto neste modesto espa\u00e7o sobrava carinho, aten\u00e7\u00e3o e respeito \u00e0s crian\u00e7as e aos pais.<\/p>\n<p style=\"text-align: center;\">Durante muitos anos o trabalho foi \u00e1rduo, por\u00e9m sempre permeado pelo amor ao magist\u00e9rio e \u00e0s crian\u00e7as.<\/p>\n<p style=\"text-align: center;\">A escola prosperava e seu espa\u00e7o f\u00edsico j\u00e1 n\u00e3o era suficiente. A refer\u00eancia de disciplina, carinho e cuidado com as crian\u00e7as crescia e com elas, a procura por vagas.<\/p>\n<p style=\"text-align: center;\">Depois de muitos anos o casal consegue aumentar seu pequeno espa\u00e7o e implantar o ensino fundamental do ciclo I, que compreende do 1\u00ba ao 5\u00ba ano. O col\u00e9gio passa a se chamar J.Maniezo, uma homenagem ao Sr. Jos\u00e9 Maniezo (pai do tio Dida) que sempre esteve presente na constru\u00e7\u00e3o do projeto.<\/p>\n<p style=\"text-align: center;\">A tradi\u00e7\u00e3o de seguran\u00e7a, respeito, disciplina aliados a um bom conte\u00fado acad\u00eamico n\u00e3o os deixou parar. Logo em seguida fizeram a 2\u00aa etapa da constru\u00e7\u00e3o do pr\u00e9dio e implantaram o Ensino Fundamental ciclo II.<\/p>\n<p style=\"text-align: center;\">Hoje, ao lado de tio Dida e tia J\u00fa, se encontram Bruna (filha do casal), formada em pedagogia e Gustavo (esposo de Bruna), formado em administra\u00e7\u00e3o e ci\u00eancias cont\u00e1beis. Juntos, esta fam\u00edlia busca atender \u00e0 seu p\u00fablico com educa\u00e7\u00e3o de qualidade, amor e carinho, afinal o col\u00e9gio \u00e9 extens\u00e3o de seus lares.<\/p>\n<p style=\"text-align: center;\">Com um corpo docente e administrativo coeso, e em profundo compromisso com a educa\u00e7\u00e3o, eles hoje j\u00e1 enfrentam o pedido dos pais para a implanta\u00e7\u00e3o do ensino m\u00e9dio. Apesar do crescimento exponencial, a proposta do col\u00e9gio continua a mesma: A forma\u00e7\u00e3o humana procede todas as outras propostas!<\/p>\n<p>[\/vc_column_text]<div class=\"cupid-call-action   content-middle\" >\n                            <div class=\"content-middle-inner\">\n                                <p>Fale com nossa <strong>Equipe de Atendimento<\/strong> Agora!\n                                <a class=\"cupid-button button-lg\" href=\"http:\/\/colegiojmaniezo.com.br\/novosite\/contato\/\" target=\"_self\">Contato<\/a><\/p>\n                            <\/div>\n                      <\/div>[\/vc_column][\/vc_row][vc_row layout=&#8221;boxed&#8221; parallax_style=&#8221;none&#8221; parallax_scroll_effect=&#8221;fixed&#8221; el_class=&#8221;cupid-margin-bottom-130 cupid-margin-top-110&#8243;][vc_column width=&#8221;1\/4&#8243; el_class=&#8221;col-md-3 col-sm-6 col-xs-12&#8243; css=&#8221;.vc_custom_1425453439911{margin-bottom: 30px !important;}&#8221;][vc_hoverbox image=&#8221;1998&#8243; primary_title=&#8221;&#8221; hover_title=&#8221;1986:&#8221;]In\u00edcio de um sonho[\/vc_hoverbox][vc_empty_space height=&#8221;15px&#8221;][vc_hoverbox image=&#8221;2007&#8243; primary_title=&#8221;&#8221; hover_title=&#8221;Projetando sempre o melhor:&#8221;]A estrutura foi constru\u00edda para oferecer as melhores ferramentas para o desenvolvimento dos alunos.[\/vc_hoverbox][\/vc_column][vc_column width=&#8221;1\/4&#8243; el_class=&#8221;col-md-3 col-sm-6 col-xs-12&#8243; css=&#8221;.vc_custom_1425453449086{margin-bottom: 30px !important;}&#8221;][vc_hoverbox image=&#8221;1999&#8243; primary_title=&#8221;&#8221; hover_title=&#8221;Tio Dida e Tia Ju:&#8221;]For\u00e7a, companheirismo e determina\u00e7\u00e3o.[\/vc_hoverbox][vc_empty_space height=&#8221;15px&#8221;][vc_hoverbox image=&#8221;2008&#8243; primary_title=&#8221;&#8221; hover_title=&#8221;H\u00e1 mais de 30 anos&#8221;]<\/p>\n<p class=\"cd-timeline-item-title\">Ensinando Li\u00e7\u00f5es para a Vida!<\/p>\n<p>[\/vc_hoverbox][\/vc_column][vc_column width=&#8221;1\/4&#8243; el_class=&#8221;col-md-3 col-sm-6 col-xs-12&#8243; css=&#8221;.vc_custom_1425453463556{margin-bottom: 30px !important;}&#8221;][vc_hoverbox image=&#8221;2351&#8243; primary_title=&#8221;&#8221; hover_title=&#8221;Desenvolvimento do trabalho gerando frutos:&#8221;]A Forma\u00e7\u00e3o de Cidad\u00e3os[\/vc_hoverbox][vc_empty_space height=&#8221;15px&#8221;][\/vc_column][vc_column width=&#8221;1\/4&#8243;][vc_hoverbox image=&#8221;2006&#8243; primary_title=&#8221;&#8221; hover_title=&#8221;1\u00aa reforma:&#8221;]<\/p>\n<p class=\"cd-timeline-item-title\">O sonho se multiplicando<\/p>\n<p>[\/vc_hoverbox][vc_empty_space height=&#8221;15px&#8221;][\/vc_column][\/vc_row][vc_row parallax=&#8221;content-moving&#8221; overlay_set=&#8221;show_overlay_color&#8221; overlay_color=&#8221;#000000&#8243; overlay_opacity=&#8221;30&#8243; css=&#8221;.vc_custom_1598927088922{background-image: url(http:\/\/colegiojmaniezo.com.br\/novosite\/wp-content\/uploads\/2020\/08\/bg_sobrenois.jpg?id=2361) !important;}&#8221; parallax_style=&#8221;none&#8221; parallax_scroll_effect=&#8221;fixed&#8221;][vc_column]<div class=\"cupid-quote content-middle  \" ><div class=\"content-middle-inner\"><q>Ensinando Li\u00e7\u00f5es para a Vida!<\/q><p>Esse \u00e9 o nosso lema<\/p><\/div><\/div>[\/vc_column][\/vc_row]<\/p>\n<\/div>","protected":false},"excerpt":{"rendered":"<p>[vc_row layout=&#8221;boxed&#8221; parallax_style=&#8221;none&#8221; parallax_scroll_effect=&#8221;fixed&#8221; css=&#8221;.vc_custom_1425463648608{background-color: #ffffff !important;}&#8221; el_class=&#8221;bg-content-box cupid-margin-top-95&#8243;][vc_column el_class=&#8221;about-us-padding&#8221;][vc_empty_space][vc_column_text css=&#8221;.vc_custom_1598639138142{margin-bottom: 20px !important;}&#8221;] O Col\u00e9gio J. Maniezo Em agosto de 1985 chegaram em Ribeir\u00e3o Preto Jucelena e Silvio, ou simplesmente tia Ju e tio Dida, com o sonho de constru\u00edrem um col\u00e9gio onde pudessem educar crian\u00e7as, pois j\u00e1 sabiam a import\u00e2ncia da escola na forma\u00e7\u00e3o [&hellip;]<\/p>\n","protected":false},"author":1,"featured_media":0,"parent":0,"menu_order":0,"comment_status":"open","ping_status":"open","template":"","meta":{"footnotes":""},"class_list":["post-1774","page","type-page","status-publish","hentry"],"_links":{"self":[{"href":"http:\/\/colegiojmaniezo.com.br\/novosite\/wp-json\/wp\/v2\/pages\/1774","targetHints":{"allow":["GET"]}}],"collection":[{"href":"http:\/\/colegiojmaniezo.com.br\/novosite\/wp-json\/wp\/v2\/pages"}],"about":[{"href":"http:\/\/colegiojmaniezo.com.br\/novosite\/wp-json\/wp\/v2\/types\/page"}],"author":[{"embeddable":true,"href":"http:\/\/colegiojmaniezo.com.br\/novosite\/wp-json\/wp\/v2\/users\/1"}],"replies":[{"embeddable":true,"href":"http:\/\/colegiojmaniezo.com.br\/novosite\/wp-json\/wp\/v2\/comments?post=1774"}],"version-history":[{"count":16,"href":"http:\/\/colegiojmaniezo.com.br\/novosite\/wp-json\/wp\/v2\/pages\/1774\/revisions"}],"predecessor-version":[{"id":2362,"href":"http:\/\/colegiojmaniezo.com.br\/novosite\/wp-json\/wp\/v2\/pages\/1774\/revisions\/2362"}],"wp:attachment":[{"href":"http:\/\/colegiojmaniezo.com.br\/novosite\/wp-json\/wp\/v2\/media?parent=1774"}],"curies":[{"name":"wp","href":"https:\/\/api.w.org\/{rel}","templated":true}]}}

Sobre Nós

<div class="wpb-content-wrapper"><p>[vc_row layout=&#8221;boxed&#8221; parallax_style=&#8221;none&#8221; parallax_scroll_effect=&#8221;fixed&#8221; css=&#8221;.vc_custom_1425463648608{background-color: #ffffff !important;}&#8221; el_class=&#8221;bg-content-box cupid-margin-top-95&#8243;][vc_column el_class=&#8221;about-us-padding&#8221;][vc_empty_space][vc_column_text css=&#8221;.vc_custom_1598639138142{margin-bottom: 20px !important;}&#8221;]</p>
<h3 style="text-align: center; margin-bottom: 40px;">O Colégio J. Maniezo</h3>
<p style="text-align: center;">Em agosto de 1985 chegaram em Ribeirão Preto Jucelena e Silvio, ou simplesmente tia Ju e tio Dida, com o sonho de construírem um colégio onde pudessem educar crianças, pois já sabiam a importância da escola na formação dos pequeninos.</p>
<p style="text-align: center;">Instalados numa pequena casa onde hoje fica o colégio , no dia 01 de fevereiro em 1986 é inaugurada oficialmente a escolinha Sapequinha, pois a princípio só atendia a educação infantil com crianças com idade entre 3 e 6 anos. No entanto, o sonho de crescer e implantar o ensino fundamental sempre esteve presente no coração do casal.</p>
<p style="text-align: center;">A pequena casa abrigava toda a filosofia que a escola queria transmitir. Havia apenas 3 salas de aula, 1 refeitório, 1 sala para atendimento aos pais e um pequenino parque. No entanto neste modesto espaço sobrava carinho, atenção e respeito às crianças e aos pais.</p>
<p style="text-align: center;">Durante muitos anos o trabalho foi árduo, porém sempre permeado pelo amor ao magistério e às crianças.</p>
<p style="text-align: center;">A escola prosperava e seu espaço físico já não era suficiente. A referência de disciplina, carinho e cuidado com as crianças crescia e com elas, a procura por vagas.</p>
<p style="text-align: center;">Depois de muitos anos o casal consegue aumentar seu pequeno espaço e implantar o ensino fundamental do ciclo I, que compreende do 1º ao 5º ano. O colégio passa a se chamar J.Maniezo, uma homenagem ao Sr. José Maniezo (pai do tio Dida) que sempre esteve presente na construção do projeto.</p>
<p style="text-align: center;">A tradição de segurança, respeito, disciplina aliados a um bom conteúdo acadêmico não os deixou parar. Logo em seguida fizeram a 2ª etapa da construção do prédio e implantaram o Ensino Fundamental ciclo II.</p>
<p style="text-align: center;">Hoje, ao lado de tio Dida e tia Jú, se encontram Bruna (filha do casal), formada em pedagogia e Gustavo (esposo de Bruna), formado em administração e ciências contábeis. Juntos, esta família busca atender à seu público com educação de qualidade, amor e carinho, afinal o colégio é extensão de seus lares.</p>
<p style="text-align: center;">Com um corpo docente e administrativo coeso, e em profundo compromisso com a educação, eles hoje já enfrentam o pedido dos pais para a implantação do ensino médio. Apesar do crescimento exponencial, a proposta do colégio continua a mesma: A formação humana procede todas as outras propostas!</p>
<p>[/vc_column_text]<div class="cupid-call-action   content-middle" >
                            <div class="content-middle-inner">
                                <p>Fale com nossa <strong>Equipe de Atendimento</strong> Agora!
                                <a class="cupid-button button-lg" href="http://colegiojmaniezo.com.br/novosite/contato/" target="_self">Contato</a></p>
                            </div>
                      </div>[/vc_column][/vc_row][vc_row layout=&#8221;boxed&#8221; parallax_style=&#8221;none&#8221; parallax_scroll_effect=&#8221;fixed&#8221; el_class=&#8221;cupid-margin-bottom-130 cupid-margin-top-110&#8243;][vc_column width=&#8221;1/4&#8243; el_class=&#8221;col-md-3 col-sm-6 col-xs-12&#8243; css=&#8221;.vc_custom_1425453439911{margin-bottom: 30px !important;}&#8221;][vc_hoverbox image=&#8221;1998&#8243; primary_title=&#8221;&#8221; hover_title=&#8221;1986:&#8221;]Início de um sonho[/vc_hoverbox][vc_empty_space height=&#8221;15px&#8221;][vc_hoverbox image=&#8221;2007&#8243; primary_title=&#8221;&#8221; hover_title=&#8221;Projetando sempre o melhor:&#8221;]A estrutura foi construída para oferecer as melhores ferramentas para o desenvolvimento dos alunos.[/vc_hoverbox][/vc_column][vc_column width=&#8221;1/4&#8243; el_class=&#8221;col-md-3 col-sm-6 col-xs-12&#8243; css=&#8221;.vc_custom_1425453449086{margin-bottom: 30px !important;}&#8221;][vc_hoverbox image=&#8221;1999&#8243; primary_title=&#8221;&#8221; hover_title=&#8221;Tio Dida e Tia Ju:&#8221;]Força, companheirismo e determinação.[/vc_hoverbox][vc_empty_space height=&#8221;15px&#8221;][vc_hoverbox image=&#8221;2008&#8243; primary_title=&#8221;&#8221; hover_title=&#8221;Há mais de 30 anos&#8221;]</p>
<p class="cd-timeline-item-title">Ensinando Lições para a Vida!</p>
<p>[/vc_hoverbox][/vc_column][vc_column width=&#8221;1/4&#8243; el_class=&#8221;col-md-3 col-sm-6 col-xs-12&#8243; css=&#8221;.vc_custom_1425453463556{margin-bottom: 30px !important;}&#8221;][vc_hoverbox image=&#8221;2351&#8243; primary_title=&#8221;&#8221; hover_title=&#8221;Desenvolvimento do trabalho gerando frutos:&#8221;]A Formação de Cidadãos[/vc_hoverbox][vc_empty_space height=&#8221;15px&#8221;][/vc_column][vc_column width=&#8221;1/4&#8243;][vc_hoverbox image=&#8221;2006&#8243; primary_title=&#8221;&#8221; hover_title=&#8221;1ª reforma:&#8221;]</p>
<p class="cd-timeline-item-title">O sonho se multiplicando</p>
<p>[/vc_hoverbox][vc_empty_space height=&#8221;15px&#8221;][/vc_column][/vc_row][vc_row parallax=&#8221;content-moving&#8221; overlay_set=&#8221;show_overlay_color&#8221; overlay_color=&#8221;#000000&#8243; overlay_opacity=&#8221;30&#8243; css=&#8221;.vc_custom_1598927088922{background-image: url(http://colegiojmaniezo.com.br/novosite/wp-content/uploads/2020/08/bg_sobrenois.jpg?id=2361) !important;}&#8221; parallax_style=&#8221;none&#8221; parallax_scroll_effect=&#8221;fixed&#8221;][vc_column]<div class="cupid-quote content-middle  " ><div class="content-middle-inner"><q>Ensinando Lições para a Vida!</q><p>Esse é o nosso lema</p></div></div>[/vc_column][/vc_row]</p>
</div>

<p>[vc_row layout=&#8221;boxed&#8221; parallax_style=&#8221;none&#8221; parallax_scroll_effect=&#8221;fixed&#8221; css=&#8221;.vc_custom_1425463648608{background-color: #ffffff !important;}&#8221; el_class=&#8221;bg-content-box cupid-margin-top-95&#8243;][vc_column el_class=&#8221;about-us-padding&#8221;][vc_empty_space][vc_column_text css=&#8221;.vc_custom_1598639138142{margin-bottom: 20px !important;}&#8221;] O Colégio J. Maniezo Em agosto de 1985 chegaram em Ribeirão Preto Jucelena e Silvio, ou simplesmente tia Ju e tio Dida, com o sonho de construírem um colégio onde pudessem educar crianças, pois já sabiam a importância da escola na formação [&hellip;]</p>
