{"id":1629,"date":"2019-06-21T15:02:50","date_gmt":"2019-06-21T18:02:50","guid":{"rendered":"http:\/\/colegiojmaniezo.com.br\/novosite\/?page_id=1629"},"modified":"2020-08-28T16:16:14","modified_gmt":"2020-08-28T19:16:14","slug":"ensino-fundamento","status":"publish","type":"page","link":"http:\/\/colegiojmaniezo.com.br\/novosite\/ensino-fundamento\/","title":{"rendered":"Ensino Fundamental"},"content":{"rendered":"<div class=\"wpb-content-wrapper\"><p>[vc_row layout=&#8221;boxed&#8221; parallax_style=&#8221;none&#8221; parallax_scroll_effect=&#8221;fixed&#8221; css=&#8221;.vc_custom_1425463648608{background-color: #ffffff !important;}&#8221; el_class=&#8221;bg-content-box cupid-margin-top-95&#8243;][vc_column el_class=&#8221;about-us-padding&#8221;][vc_empty_space][vc_column_text css=&#8221;.vc_custom_1598642090541{margin-bottom: 20px !important;}&#8221;]O ensino fundamental, segunda etapa da educa\u00e7\u00e3o b\u00e1sica, tem como finalidade o desenvolvimento integral da crian\u00e7a do 1\u00ba ao 9\u00ba ano, em seus aspectos f\u00edsicos, psicol\u00f3gicos, intelectuais e sociais, complementando a a\u00e7\u00e3o da fam\u00edlia e da comunidade.<br \/>\nTemos como principais objetivos promover nos educandos:<\/p>\n<ul>\n<li>A compreens\u00e3o do ambiente natural e social, do sistema pol\u00edtico, da tecnologia, das artes e dos valores que fundamentam a sociedade;<\/li>\n<li>A compreens\u00e3o do sentido da vida, ajudando a descobrir o que \u00e9 e para que existe;<\/li>\n<li>A constru\u00e7\u00e3o do conhecimento atrav\u00e9s da rela\u00e7\u00e3o que o sujeito exerce com o outro e com o meio social;<\/li>\n<li>A utiliza\u00e7\u00e3o das diferentes linguagens \u2013 verbal, matem\u00e1tica, gr\u00e1fica, pl\u00e1stica e corporal \u2013 como meio para produzir, expressar e comunicar suas ideias, interpretar e usufruir das produ\u00e7\u00f5es culturais, em contextos p\u00fablicos e privados, atendendo a diferentes inten\u00e7\u00f5es e situa\u00e7\u00f5es de comunica\u00e7\u00e3o;<\/li>\n<li>A utiliza\u00e7\u00e3o de diferentes fontes de informa\u00e7\u00e3o e recursos tecnol\u00f3gicos para adquirir e construir conhecimentos;<\/li>\n<li>O conhecimento e o cuidado do pr\u00f3prio corpo, valorizando e adotando h\u00e1bitos saud\u00e1veis como um dos aspectos b\u00e1sicos da qualidade de vida e agindo com responsabilidade em rela\u00e7\u00e3o \u00e0 sua sa\u00fade e \u00e0 sua coletiva;<\/li>\n<li>O desenvolvimento da capacidade de aprender, atrav\u00e9s do pleno dom\u00ednio da leitura, da escrita, do c\u00e1lculo e da aquisi\u00e7\u00e3o dos conhecimentos e habilidades necess\u00e1rios \u00e0 forma\u00e7\u00e3o de atitudes e valores;<\/li>\n<li>O estabelecimento e o desenvolvimento dos princ\u00edpios \u00e9ticos da autonomia, da responsabilidade, da solidariedade e do respeito ao bem comum;<\/li>\n<li>O questionamento da realidade formulando-se problemas e tratando de resolv\u00ea-los, utilizando para isso o pensamento l\u00f3gico, a criatividade, a intui\u00e7\u00e3o e a capacidade de an\u00e1lise cr\u00edtica, selecionando procedimentos e verificando sua adequa\u00e7\u00e3o.<\/li>\n<\/ul>\n<p>[\/vc_column_text][\/vc_column][\/vc_row]<\/p>\n<\/div>","protected":false},"excerpt":{"rendered":"<p>[vc_row layout=&#8221;boxed&#8221; parallax_style=&#8221;none&#8221; parallax_scroll_effect=&#8221;fixed&#8221; css=&#8221;.vc_custom_1425463648608{background-color: #ffffff !important;}&#8221; el_class=&#8221;bg-content-box cupid-margin-top-95&#8243;][vc_column el_class=&#8221;about-us-padding&#8221;][vc_empty_space][vc_column_text css=&#8221;.vc_custom_1598642090541{margin-bottom: 20px !important;}&#8221;]O ensino fundamental, segunda etapa da educa\u00e7\u00e3o b\u00e1sica, tem como finalidade o desenvolvimento integral da crian\u00e7a do 1\u00ba ao 9\u00ba ano, em seus aspectos f\u00edsicos, psicol\u00f3gicos, intelectuais e sociais, complementando a a\u00e7\u00e3o da fam\u00edlia e da comunidade. Temos como principais objetivos promover nos [&hellip;]<\/p>\n","protected":false},"author":1,"featured_media":0,"parent":0,"menu_order":0,"comment_status":"closed","ping_status":"closed","template":"","meta":{"footnotes":""},"class_list":["post-1629","page","type-page","status-publish","hentry"],"_links":{"self":[{"href":"http:\/\/colegiojmaniezo.com.br\/novosite\/wp-json\/wp\/v2\/pages\/1629","targetHints":{"allow":["GET"]}}],"collection":[{"href":"http:\/\/colegiojmaniezo.com.br\/novosite\/wp-json\/wp\/v2\/pages"}],"about":[{"href":"http:\/\/colegiojmaniezo.com.br\/novosite\/wp-json\/wp\/v2\/types\/page"}],"author":[{"embeddable":true,"href":"http:\/\/colegiojmaniezo.com.br\/novosite\/wp-json\/wp\/v2\/users\/1"}],"replies":[{"embeddable":true,"href":"http:\/\/colegiojmaniezo.com.br\/novosite\/wp-json\/wp\/v2\/comments?post=1629"}],"version-history":[{"count":4,"href":"http:\/\/colegiojmaniezo.com.br\/novosite\/wp-json\/wp\/v2\/pages\/1629\/revisions"}],"predecessor-version":[{"id":2035,"href":"http:\/\/colegiojmaniezo.com.br\/novosite\/wp-json\/wp\/v2\/pages\/1629\/revisions\/2035"}],"wp:attachment":[{"href":"http:\/\/colegiojmaniezo.com.br\/novosite\/wp-json\/wp\/v2\/media?parent=1629"}],"curies":[{"name":"wp","href":"https:\/\/api.w.org\/{rel}","templated":true}]}}

<div class="wpb-content-wrapper"><p>[vc_row layout=&#8221;boxed&#8221; parallax_style=&#8221;none&#8221; parallax_scroll_effect=&#8221;fixed&#8221; css=&#8221;.vc_custom_1425463648608{background-color: #ffffff !important;}&#8221; el_class=&#8221;bg-content-box cupid-margin-top-95&#8243;][vc_column el_class=&#8221;about-us-padding&#8221;][vc_empty_space][vc_column_text css=&#8221;.vc_custom_1598642090541{margin-bottom: 20px !important;}&#8221;]O ensino fundamental, segunda etapa da educação básica, tem como finalidade o desenvolvimento integral da criança do 1º ao 9º ano, em seus aspectos físicos, psicológicos, intelectuais e sociais, complementando a ação da família e da comunidade.<br />
Temos como principais objetivos promover nos educandos:</p>
<ul>
<li>A compreensão do ambiente natural e social, do sistema político, da tecnologia, das artes e dos valores que fundamentam a sociedade;</li>
<li>A compreensão do sentido da vida, ajudando a descobrir o que é e para que existe;</li>
<li>A construção do conhecimento através da relação que o sujeito exerce com o outro e com o meio social;</li>
<li>A utilização das diferentes linguagens – verbal, matemática, gráfica, plástica e corporal – como meio para produzir, expressar e comunicar suas ideias, interpretar e usufruir das produções culturais, em contextos públicos e privados, atendendo a diferentes intenções e situações de comunicação;</li>
<li>A utilização de diferentes fontes de informação e recursos tecnológicos para adquirir e construir conhecimentos;</li>
<li>O conhecimento e o cuidado do próprio corpo, valorizando e adotando hábitos saudáveis como um dos aspectos básicos da qualidade de vida e agindo com responsabilidade em relação à sua saúde e à sua coletiva;</li>
<li>O desenvolvimento da capacidade de aprender, através do pleno domínio da leitura, da escrita, do cálculo e da aquisição dos conhecimentos e habilidades necessários à formação de atitudes e valores;</li>
<li>O estabelecimento e o desenvolvimento dos princípios éticos da autonomia, da responsabilidade, da solidariedade e do respeito ao bem comum;</li>
<li>O questionamento da realidade formulando-se problemas e tratando de resolvê-los, utilizando para isso o pensamento lógico, a criatividade, a intuição e a capacidade de análise crítica, selecionando procedimentos e verificando sua adequação.</li>
</ul>
<p>[/vc_column_text][/vc_column][/vc_row]</p>
</div>

<p>[vc_row layout=&#8221;boxed&#8221; parallax_style=&#8221;none&#8221; parallax_scroll_effect=&#8221;fixed&#8221; css=&#8221;.vc_custom_1425463648608{background-color: #ffffff !important;}&#8221; el_class=&#8221;bg-content-box cupid-margin-top-95&#8243;][vc_column el_class=&#8221;about-us-padding&#8221;][vc_empty_space][vc_column_text css=&#8221;.vc_custom_1598642090541{margin-bottom: 20px !important;}&#8221;]O ensino fundamental, segunda etapa da educação básica, tem como finalidade o desenvolvimento integral da criança do 1º ao 9º ano, em seus aspectos físicos, psicológicos, intelectuais e sociais, complementando a ação da família e da comunidade. Temos como principais objetivos promover nos [&hellip;]</p>
