{"id":1625,"date":"2019-06-21T14:55:30","date_gmt":"2019-06-21T17:55:30","guid":{"rendered":"http:\/\/colegiojmaniezo.com.br\/novosite\/?page_id=1625"},"modified":"2020-08-28T16:07:57","modified_gmt":"2020-08-28T19:07:57","slug":"educacao-infantil","status":"publish","type":"page","link":"http:\/\/colegiojmaniezo.com.br\/novosite\/educacao-infantil\/","title":{"rendered":"Educa\u00e7\u00e3o Infantil"},"content":{"rendered":"<div class=\"wpb-content-wrapper\"><p>[vc_row layout=&#8221;boxed&#8221; parallax_style=&#8221;none&#8221; parallax_scroll_effect=&#8221;fixed&#8221; css=&#8221;.vc_custom_1425463648608{background-color: #ffffff !important;}&#8221; el_class=&#8221;bg-content-box cupid-margin-top-95&#8243;][vc_column el_class=&#8221;about-us-padding&#8221;][vc_empty_space][vc_column_text css=&#8221;.vc_custom_1598641646115{margin-bottom: 20px !important;}&#8221;]<\/p>\n<p>A educa\u00e7\u00e3o infantil, primeira etapa da educa\u00e7\u00e3o b\u00e1sica, tem como finalidade o desenvolvimento integral da crian\u00e7a at\u00e9 cinco anos de idade, em seus aspectos f\u00edsicos, psicol\u00f3gicos, intelectuais e sociais, complementando a a\u00e7\u00e3o da fam\u00edlia e da comunidade.<br \/>\nTemos como principais objetivos promover nos educandos:<\/p>\n<ul>\n<li>\u00a0A autonomia, a coopera\u00e7\u00e3o e o sentido de corresponsabilidade nos processos de desenvolvimento individuais e coletivos;<\/li>\n<li>A capacidade de utilizar, cr\u00edticas e criativamente, as diversas formas de linguagem do mundo contempor\u00e2neo;<\/li>\n<li>A compreens\u00e3o dos processos naturais e o respeito ao ambiente como valor vital, afetivo e est\u00e9tico;<\/li>\n<li>A garantia do direito a brincar, como forma particular de express\u00e3o, pensamento, intera\u00e7\u00e3o e comunica\u00e7\u00e3o;<\/li>\n<li>A oferta ao acesso aos bens socioculturais dispon\u00edveis, ampliando o desenvolvimento das capacidades relativas \u00e0 express\u00e3o, \u00e0 comunica\u00e7\u00e3o, \u00e0 intera\u00e7\u00e3o social, ao pensamento e a \u00e9tica;<\/li>\n<li>A socializa\u00e7\u00e3o dos mesmos, por meio de sua participa\u00e7\u00e3o e inser\u00e7\u00e3o nas mais diversificadas pr\u00e1ticas sociais, sem discrimina\u00e7\u00e3o de esp\u00e9cie alguma;<\/li>\n<li>O atendimento aos cuidados essenciais associados \u00e0 sobreviv\u00eancia e ao desenvolvimento de sua identidade;<\/li>\n<li>O desenvolvimento de uma atitude de valoriza\u00e7\u00e3o, cuidado e responsabilidade individual e coletiva, em rela\u00e7\u00e3o \u00e0 sua sa\u00fade e sexualidade;<\/li>\n<li>O desenvolvimento de uma atitude de curiosidade, reflex\u00e3o e critica, frente ao conhecimento e interpreta\u00e7\u00e3o da realidade;<\/li>\n<li>O respeito \u00e0 dignidade e aos direitos das crian\u00e7as, consideradas nas diferen\u00e7as individuais, sociais, culturais, \u00e9tnicas e religiosas.<\/li>\n<\/ul>\n<p>[\/vc_column_text][\/vc_column][\/vc_row]<\/p>\n<\/div>","protected":false},"excerpt":{"rendered":"<p>[vc_row layout=&#8221;boxed&#8221; parallax_style=&#8221;none&#8221; parallax_scroll_effect=&#8221;fixed&#8221; css=&#8221;.vc_custom_1425463648608{background-color: #ffffff !important;}&#8221; el_class=&#8221;bg-content-box cupid-margin-top-95&#8243;][vc_column el_class=&#8221;about-us-padding&#8221;][vc_empty_space][vc_column_text css=&#8221;.vc_custom_1598641646115{margin-bottom: 20px !important;}&#8221;] A educa\u00e7\u00e3o infantil, primeira etapa da educa\u00e7\u00e3o b\u00e1sica, tem como finalidade o desenvolvimento integral da crian\u00e7a at\u00e9 cinco anos de idade, em seus aspectos f\u00edsicos, psicol\u00f3gicos, intelectuais e sociais, complementando a a\u00e7\u00e3o da fam\u00edlia e da comunidade. Temos como principais objetivos promover [&hellip;]<\/p>\n","protected":false},"author":1,"featured_media":0,"parent":0,"menu_order":0,"comment_status":"closed","ping_status":"closed","template":"","meta":{"footnotes":""},"class_list":["post-1625","page","type-page","status-publish","hentry"],"_links":{"self":[{"href":"http:\/\/colegiojmaniezo.com.br\/novosite\/wp-json\/wp\/v2\/pages\/1625","targetHints":{"allow":["GET"]}}],"collection":[{"href":"http:\/\/colegiojmaniezo.com.br\/novosite\/wp-json\/wp\/v2\/pages"}],"about":[{"href":"http:\/\/colegiojmaniezo.com.br\/novosite\/wp-json\/wp\/v2\/types\/page"}],"author":[{"embeddable":true,"href":"http:\/\/colegiojmaniezo.com.br\/novosite\/wp-json\/wp\/v2\/users\/1"}],"replies":[{"embeddable":true,"href":"http:\/\/colegiojmaniezo.com.br\/novosite\/wp-json\/wp\/v2\/comments?post=1625"}],"version-history":[{"count":4,"href":"http:\/\/colegiojmaniezo.com.br\/novosite\/wp-json\/wp\/v2\/pages\/1625\/revisions"}],"predecessor-version":[{"id":2033,"href":"http:\/\/colegiojmaniezo.com.br\/novosite\/wp-json\/wp\/v2\/pages\/1625\/revisions\/2033"}],"wp:attachment":[{"href":"http:\/\/colegiojmaniezo.com.br\/novosite\/wp-json\/wp\/v2\/media?parent=1625"}],"curies":[{"name":"wp","href":"https:\/\/api.w.org\/{rel}","templated":true}]}}

Educação Infantil

<div class="wpb-content-wrapper"><p>[vc_row layout=&#8221;boxed&#8221; parallax_style=&#8221;none&#8221; parallax_scroll_effect=&#8221;fixed&#8221; css=&#8221;.vc_custom_1425463648608{background-color: #ffffff !important;}&#8221; el_class=&#8221;bg-content-box cupid-margin-top-95&#8243;][vc_column el_class=&#8221;about-us-padding&#8221;][vc_empty_space][vc_column_text css=&#8221;.vc_custom_1598641646115{margin-bottom: 20px !important;}&#8221;]</p>
<p>A educação infantil, primeira etapa da educação básica, tem como finalidade o desenvolvimento integral da criança até cinco anos de idade, em seus aspectos físicos, psicológicos, intelectuais e sociais, complementando a ação da família e da comunidade.<br />
Temos como principais objetivos promover nos educandos:</p>
<ul>
<li> A autonomia, a cooperação e o sentido de corresponsabilidade nos processos de desenvolvimento individuais e coletivos;</li>
<li>A capacidade de utilizar, críticas e criativamente, as diversas formas de linguagem do mundo contemporâneo;</li>
<li>A compreensão dos processos naturais e o respeito ao ambiente como valor vital, afetivo e estético;</li>
<li>A garantia do direito a brincar, como forma particular de expressão, pensamento, interação e comunicação;</li>
<li>A oferta ao acesso aos bens socioculturais disponíveis, ampliando o desenvolvimento das capacidades relativas à expressão, à comunicação, à interação social, ao pensamento e a ética;</li>
<li>A socialização dos mesmos, por meio de sua participação e inserção nas mais diversificadas práticas sociais, sem discriminação de espécie alguma;</li>
<li>O atendimento aos cuidados essenciais associados à sobrevivência e ao desenvolvimento de sua identidade;</li>
<li>O desenvolvimento de uma atitude de valorização, cuidado e responsabilidade individual e coletiva, em relação à sua saúde e sexualidade;</li>
<li>O desenvolvimento de uma atitude de curiosidade, reflexão e critica, frente ao conhecimento e interpretação da realidade;</li>
<li>O respeito à dignidade e aos direitos das crianças, consideradas nas diferenças individuais, sociais, culturais, étnicas e religiosas.</li>
</ul>
<p>[/vc_column_text][/vc_column][/vc_row]</p>
</div>

<p>[vc_row layout=&#8221;boxed&#8221; parallax_style=&#8221;none&#8221; parallax_scroll_effect=&#8221;fixed&#8221; css=&#8221;.vc_custom_1425463648608{background-color: #ffffff !important;}&#8221; el_class=&#8221;bg-content-box cupid-margin-top-95&#8243;][vc_column el_class=&#8221;about-us-padding&#8221;][vc_empty_space][vc_column_text css=&#8221;.vc_custom_1598641646115{margin-bottom: 20px !important;}&#8221;] A educação infantil, primeira etapa da educação básica, tem como finalidade o desenvolvimento integral da criança até cinco anos de idade, em seus aspectos físicos, psicológicos, intelectuais e sociais, complementando a ação da família e da comunidade. Temos como principais objetivos promover [&hellip;]</p>
